 = 3*r**3 + r**2 - 2*r**3 + 6 + 6*r + m*r**2. What is n(-5)?
1
Let p be (-24)/(-20) + 4/(-20). Let v(y) be the first derivative of -3*y - p + 3/2*y**2. Calculate v(2).
3
Suppose 42 = -5*n - 3*h, -3*h + 5 + 1 = -3*n. Let i(f) = -20*f**3 + 21*f**3 - 7*f - 2 + 2 + 5*f**2 + 1. Determine i(n).
7
Let h be 16/3 + 8/(-24). Suppose -7 - 13 = -h*g. Let p(v) = -v**2 + v + 5. Determine p(g).
-7
Let p(o) = o**3 - 5*o**2 + 3*o - 3. Let w be (-6)/(-8) - (-25)/20. Let r(t) = -4*t**w - 4 + 4 + t + t**3. Let h be r(4). Determine p(h).
-7
Let x(t) = t**2 - t + 1. Let d(a) = 3*a**2 - 3*a - 2. Let g(i) = d(i) - 2*x(i). Give g(0).
-4
Let b = 12 - 10. Let t(m) = 2 + 3 - 1 - 6 + m**b. Calculate t(4).
14
Suppose 0 = -4*k + 8, 3*k = -2*x - k + 24. Let h = 11 - x. Let r(t) = -2*t - 2. Give r(h).
-8
Let c be (14/(-35))/((-3)/(-45)). Let h(v) = 6*v - 2*v**2 + 5 + 10*v**2 + v**3 - v**2. Calculate h(c).
5
Suppose 5*x - 3*d + 2 = -0*x, 6 = -2*x - 4*d. Let t be (x - (-2)/4)*-10. Let b(s) = -s + 3. Calculate b(t).
-2
Suppose 4*q + 0 = -4, p - 8 = 4*q. Let s(r) be the second derivative of -1/12*r**4 - 2/3*r**3 + 0 - 2*r**2 - p*r. Determine s(-4).
-4
Let q(o) = 2*o - 2. Let p = -35 - -38. What is q(p)?
4
Let f be (-60)/(-27) + (-10)/45. Let q(t) = 1. Let p(k) = -k + 8. Let v(m) = -p(m) + 4*q(m). Give v(f).
-2
Let g(c) = c - 7. Let q(a) = -a**3 - 2*a**2 + a. Let m be q(-3). Suppose -3*x = 6, 2*x = 2*i - 4 - 2. Let r = m - i. Give g(r).
-2
Let h = 3 + 0. Let r(l) = 4*l**h + l**3 - 5 - 4*l**3 - 2*l + 5*l**2. Let d = 87 - 92. Calculate r(d).
5
Let w(i) = i**2 + i + 4. Suppose -4*y + y + 16 = 4*z, -5*y = -5*z - 15. Let l(d) = -3*d**2 + d - 1. Let t be l(z). Calculate w(t).
10
Let w(c) = 2*c - 7. Let h be w(6). Let y(a) = -a**2 - 6 + 3*a + 2 + 2*a + 2. Give y(h).
-2
Let a(q) = q**2 + 2*q + 4. Let y = -4 - 0. Calculate a(y).
12
Let f(d) = d + 5. Let i(s) = -2*s - 9. Let y(n) = 7*f(n) + 4*i(n). Suppose 3*g + 2*j - 3 = 0, -3*j - 4 = 5. Let b(a) = a. Let u(z) = g*y(z) + 4*b(z). Give u(5).
2
Suppose -3*s = 2*s + 5*w - 10, 3*s = 4*w - 8. Let y(h) = 8*h + 4 - 9*h + s*h**2 + h**2 - h**3. Give y(0).
4
Let u = -3 - -5. Let f(x) = 7 + x**3 + 4*x**u + 7 - 15. What is f(-3)?
8
Let w(z) = z + 4. Let h be w(3). Suppose -2*j + h*j = -25. Let m be (-5 - j) + 0 + 0. Let k(i) = -i**2 - i + 9. Determine k(m).
9
Let h be (51/(-6) + 4)*(-4)/(-6). Let l(p) = p. Give l(h).
-3
Suppose 4*y = 8 - 0. Let z(u) = u - y*u - 7*u + 7*u. Give z(2).
-2
Let q = -57 - -54. Let s(h) = -2*h. Determine s(q).
6
Let d(u) be the second derivative of -u**4/24 + u**3/2 - 2*u**2 + u. Let q(s) be the first derivative of d(s). Determine q(5).
-2
Let q(t) be the second derivative of 1/6*t**3 + 7*t + 0 - 3*t**2. Calculate q(6).
0
Let y = -41 - -46. Let c(f) = -f**2 + 7*f - 1. Give c(y).
9
Let u(p) = -2 + p**3 + 3 - 4*p - 3*p + 5*p + 3*p**2. Determine u(-3).
7
Suppose 3*r = 4*l - 29, -l + 2*l - 4*r - 17 = 0. Let a = l - 8. Let w(c) = -c**3 - 3*c**2 + 5*c + 3. Give w(a).
-12
Let w(s) = 31*s - 58*s - s**3 + 26*s + 4*s**2 + 2*s**3 + 2. What is w(-5)?
-18
Let k(p) = p**2 + p + 1. Let c(u) = -u**3 - u**2 + 6*u - 2. Let x(h) = c(h) - 2*k(h). Determine x(-4).
-4
Suppose 1 = -2*o + 3*o. Let k(w) = -w**2 + 3*w + 1. Let n be k(2). Let i(m) = 5 - 1 + n*m**2 - 5. Calculate i(o).
2
Let h(d) = d**3 + 4*d**2 - 3. Let r(l) be the second derivative of -l**3/3 + l**2/2 + 4*l. Let f be r(2). Give h(f).
6
Let u(y) = -2*y**3 + 2*y**2 - 1. Let o = 23 - 25. Calculate u(o).
23
Let r(a) be the second derivative of -a**5/20 + a**4/3 - 2*a**3/3 + 2*a**2 + 8*a. Suppose -4*i + 27 = 3*s, -2*s + 7 = i - 6. Determine r(i).
1
Let q(u) = -u**2 - 4*u. Let o(a) = 2*a**2 + 4*a + 3. Let p be o(-2). Suppose p + 1 = k. Suppose 2*j - k = 3*j. Calculate q(j).
0
Let c = 3 - 1. Let k(m) = -m**3 + 2*m**2 + 2*m - 3. What is k(c)?
1
Suppose -2*w = 3*w. Let k(b) = b**3. Determine k(w).
0
Let q(o) = o**2 - 8*o + 9. Let i be q(7). Let z(p) = -2*p**i - 3*p + 1 + 0*p - p + p**2. Let c be 20/(-6) + 3/9. Give z(c).
4
Suppose -4*n + n = 5*s - 4, 4*s - 12 = 2*n. Let q = -2 + s. Let r(a) = a + 6. What is r(q)?
6
Let f(v) = 9*v**2 - 20*v**2 - 17 + 10*v**2. Calculate f(0).
-17
Let p(o) = o**3 - 6*o**2 + 7*o - 1. Let b(w) = -w**2 - 9*w + 5. Let g be b(-9). What is p(g)?
9
Let h(c) = -2*c - 15. Let d be h(-4). Let v(u) = u + 12. Determine v(d).
5
Let k(i) = i**3 - 8*i**2 + 6*i + 1. Suppose -2*s - 1 + 11 = 0. Suppose 21 + 14 = s*y. Determine k(y).
-6
Let a(f) = -f + 1. Let u(c) = -3*c + c - 2*c**2 + 9 - 8. Let d be 2/(-3)*6/(-4). Let y be u(d). What is a(y)?
4
Let k(q) = 2*q**3 - 8*q**2 + q + 7. Let u be k(3). Let a(l) be the first derivative of -l**2/2 - 3*l + 2. Determine a(u).
5
Let c(f) = -f + 1. Let p(l) be the second derivative of l**3/6 + 9*l**2/2 + 2*l. Let g be p(-6). Calculate c(g).
-2
Let b(a) = -3*a + 5. Let m be b(3). Let k(f) = 2*f + 5 + 4*f - 4*f. Give k(m).
-3
Let q(h) = h + 3. Suppose -10*y = -9*y - 29. Suppose -y + 4 = 5*a. Give q(a).
-2
Suppose 0 = w + 4*c - 6, -5*w - c + 72 = -2*c. Let n = -15 + w. Let b(j) = 3*j**2. Calculate b(n).
3
Suppose -5*n - 16 = -4*r, -6*r = -3*r + 5*n + 23. Let f = -2 + r. Let j(x) be the first derivative of -3*x**2/2 - 4*x + 4. Give j(f).
5
Let y(a) = 3*a + 2 - 5*a + 0 + 0*a. Calculate y(2).
-2
Let w(s) = -3*s + 5. Let z be (9 + 3)/2 - 2. Suppose -4*q = -p - 9 - 10, z*q + 4*p - 24 = 0. Calculate w(q).
-10
Let a = 49 + -28. Let m = a - 22. Let f(s) = -5*s**2 - 1. What is f(m)?
-6
Suppose -c = c + 10. Let g(v) be the third derivative of -v**5/60 - v**4/4 - v**3/2 - v**2. Calculate g(c).
2
Let l(m) = -2*m**3 + 4*m**2 - 5*m + 3. Let o(b) = -3*b**3 + 8*b**2 - 10*b + 7. Let f(x) = -5*l(x) + 3*o(x). Determine f(-5).
6
Let j(l) = -l**3 - 4*l**2 - 3*l - 1. Let c be j(-2). Let t(a) = a**3 + 5*a**2 - 3. Give t(c).
15
Let b(k) = -7 + 3 + 5*k**2 - k**3 + 0. Let l(t) = -t - 3. Let s be l(-8). What is b(s)?
-4
Suppose 4*x - 5*v = 13, 3*v = x - 0*v - 12. Let m(t) = -t - 4. Let n(p) = -p - 5. Let j(w) = -6*m(w) + 5*n(w). What is j(x)?
-4
Let b be -1*((7 - 1) + -1). Let p(h) = -h**2 + 7*h + 2. Let y be p(7). Let k(l) = -6*l**2 + 0 + 4 - l**3 - y - 4*l. What is k(b)?
-3
Let h(c) = -c - 1. Let s be h(-4). Let a(q) = -5*q + 3*q**3 + 3*q**s - 8 - 5*q**3 - 6*q**2 + 0*q. Give a(7).
6
Suppose f - q = 0, 0*f + 2*f - q - 3 = 0. Let k(p) = -p**3 + 2*p**2 + p. What is k(f)?
-6
Let q(f) = -5*f - 1. Let h = 4 + -2. Suppose h = -s - 0. What is q(s)?
9
Let l = -41 + 37. Let o(w) = -w + 3. Give o(l).
7
Let p(w) = -w. Let o(l) = 2*l - 6. Let v(y) = o(y) + 3*p(y). What is v(-7)?
1
Let w(o) = 4*o**3 - 5*o**2 + 6*o - 4. Let a(z) = z**3 - 2*z**2 + 2*z - 1. Let t(q) = -7*a(q) + 2*w(q). Calculate t(-4).
7
Let x(n) = -6*n**2 + n + 1. Let y(s) = s**2 + 6*s - 4. Let m be y(-7). Suppose -m*f + 2 = -5*f. What is x(f)?
-6
Let j(o) = -6*o - 18. Let s be j(-4). Let g(w) = w**3 - 7*w**2 + 7*w - 1. Give g(s).
5
Let j(m) = -m**2 - 1. Let x(o) = 5*o**2 + 5*o + 1. Let w(t) = -4*j(t) - x(t). What is w(-4)?
7
Let y(q) = 6*q**3 + q**2 - 2*q + 1. Let f be -2*(-2)/(-4)*-1. What is y(f)?
6
Let q(n) = -5*n + 11*n - 6*n + 2*n - 3. Let z(k) = k + 3. Let a be z(-6). What is q(a)?
-9
Let y = 2 - 2. Let l(d) = y*d**3 + 0 + 3*d - 3*d**2 - d**3 + 8 - 2. Calculate l(-4).
10
Let w(m) be the second derivative of m**5/20 + m**4/6 - 2*m**3/3 - 2*m**2 + 12*m. Calculate w(-3).
-1
Let u(j) = -13*j + 26*j - 15*j + 2. What is u(-3)?
8
Let t(z) = 16*z + 41. Let p(u) = -3*u - 8. Let k(i) = 11*p(i) + 2*t(i). Give k(-6).
0
Suppose 0*s - 3*s + 9 = 0. Let o(r) = -r - 1 - 5 + 4 + 1. Give o(s).
-4
Let m(s) = 2*s + 5 - 3*s + 0 - 2. Suppose -j = -3*j + 4*b + 22, -5*j = -3*b - 34. Calculate m(j).
-2
Let g(w) = -52*w + 87*w - 4 - 37*w. Let f be 14/(-4) - (-1)/2. What is g(f)?
2
Let i(g) = -g**3 + g**2 - 4*g. Let n(t) = t**3 + 4*t. Let x(m) = -4*i(m) - 5*n(m). What is x(-3)?
3
Let x(a) be the first derivative of a**4/4 - a**3 - 2*a**2 + 4*a + 16. Calculate x(4).
4
Let j(k) = -3*k**2 + 9*k - 6. Let u be j(3). Let r(i) = i**3 + 6*i**2 + 3*i + 7. Give r(u).
-11
Let o(v) = 12. Let t(p) = p + 61. Let h(n) = 11*o(n) - 2*t(n). What is h(8)?
-6
Let p(a) = -5*a**2 + 5 - 2 + 3*a + a**2 + 3*a**2. Give p(3).
3
Let f(o) = -o**3 - 5*o**2 - 6*o. Let v(m) = -m**3 - 9*m**2 - 7*m + 4. Let j be 25/(-9) + (-12)/54. Let d be 8*2*j/6. Let b be v(d). Give